{"id":479,"date":"2021-02-07T16:44:01","date_gmt":"2021-02-07T15:44:01","guid":{"rendered":"http:\/\/kanaly44.pl\/?page_id=479"},"modified":"2021-02-07T17:34:24","modified_gmt":"2021-02-07T16:34:24","slug":"ar","status":"publish","type":"page","link":"https:\/\/kanaly44.pl\/index.php\/ar\/","title":{"rendered":"Powsta\u0144cza bro\u0144 na wyci\u0105gni\u0119cie r\u0119ki"},"content":{"rendered":"\n<p>Prace nad projektem zwi\u0105zane by\u0142y z konieczno\u015bci\u0105 realistycznego odtworzenia modeli 3D przedmiot\u00f3w i broni. Dzi\u0119ki temu mo\u017cemy je teraz pokaza\u0107 tak, jakby by\u0142y tu\u017c przed Tob\u0105, na wyci\u0105gni\u0119cie r\u0119ki! Je\u017celi posiadasz telefon kom\u00f3rkowy wspieraj\u0105cy technologi\u0119 AR (Augmented Reality \/ Rozszerzon\u0105 Rzeczywisto\u015b\u0107) mo\u017cesz te\u017c zobaczy\u0107 je cho\u0107by na pod\u0142odze swojego domu. <\/p>\n\n\n\n<!-- Import the component -->\n<script type=\"module\" src=\"https:\/\/modelviewer.dev\/node_modules\/@google\/model-viewer\/dist\/model-viewer.min.js\"><\/script>\n<script nomodule=\"\" src=\"https:\/\/unpkg.com\/@google\/model-viewer\/dist\/model-viewer-legacy.js\"><\/script>\n<!-- Use it like any other HTML element -->\n<div class=\"demo\" style=\"background-color: transparent\">\n<model-viewer id=\"menu\" shadow-intensity=\"4\" shadow-softness=\"1\" ar=\"\" src=\"https:\/\/kanaly44.pl\/ar\/ar_helmet.glb\" alt=\"Mina - model 3D i AR\" camera-controls=\"\" auto-rotate=\"\" ar-scale=\"fixed\" ios-src=\"https:\/\/kanaly44.pl\/ar\/ar_helmet.usdz#allowsContentScaling=0\" quick-look-browsers=\"safari chrome\" camera-orbit=\"-336.8deg 67.04deg 0.6453m\" min-camera-orbit=\"auto auto auto\" max-camera-orbit=\"auto auto 0.6453m\" style=\"width: auto;\n    height: 350px;\">\n<\/model-viewer>\n<\/div>\n\n\n\n<!-- Import the component -->\n<script type=\"module\" src=\"https:\/\/modelviewer.dev\/node_modules\/@google\/model-viewer\/dist\/model-viewer.min.js\"><\/script>\n<script nomodule=\"\" src=\"https:\/\/unpkg.com\/@google\/model-viewer\/dist\/model-viewer-legacy.js\"><\/script>\n<!-- Use it like any other HTML element -->\n<div class=\"demo\" style=\"background-color: transparent\">\n<model-viewer id=\"menu\" shadow-intensity=\"4\" shadow-softness=\"1\" ar=\"\" src=\"https:\/\/kanaly44.pl\/ar\/ar_granade.glb\" alt=\"Mina - model 3D i AR\" camera-controls=\"\" auto-rotate=\"\" ar-scale=\"fixed\" ios-src=\"https:\/\/kanaly44.pl\/ar\/ar_granade.usdz#allowsContentScaling=0\" quick-look-browsers=\"safari chrome\" camera-orbit=\"-336.8deg 67.04deg 0.6453m\" min-camera-orbit=\"auto auto auto\" max-camera-orbit=\"auto auto 0.6453m\" style=\"width: auto;\n    height: 350px;\">\n<\/model-viewer>\n<\/div>\n\n\n\n<!-- Import the component -->\n<script type=\"module\" src=\"https:\/\/modelviewer.dev\/node_modules\/@google\/model-viewer\/dist\/model-viewer.min.js\"><\/script>\n<script nomodule=\"\" src=\"https:\/\/unpkg.com\/@google\/model-viewer\/dist\/model-viewer-legacy.js\"><\/script>\n<!-- Use it like any other HTML element -->\n<div class=\"demo\" style=\"background-color: transparent\">\n<model-viewer id=\"menu\" shadow-intensity=\"4\" shadow-softness=\"1\" ar=\"\" src=\"https:\/\/kanaly44.pl\/ar\/ar_mine.glb\" alt=\"Mina - model 3D i AR\" camera-controls=\"\" auto-rotate=\"\" ar-scale=\"fixed\" ios-src=\"https:\/\/kanaly44.pl\/ar\/ar_mine.usdz#allowsContentScaling=0\" quick-look-browsers=\"safari chrome\" camera-orbit=\"-336.8deg 67.04deg 0.6453m\" min-camera-orbit=\"auto auto auto\" max-camera-orbit=\"auto auto 0.6453m\" style=\"width: auto;\n    height: 350px;\">\n<\/model-viewer>\n<\/div>\n","protected":false},"excerpt":{"rendered":"<p>Prace nad projektem zwi\u0105zane by\u0142y z konieczno\u015bci\u0105 realistycznego odtworzenia modeli 3D przedmiot\u00f3w i broni. Dzi\u0119ki temu mo\u017cemy je teraz pokaza\u0107 tak, jakby by\u0142y tu\u017c przed Tob\u0105, na wyci\u0105gni\u0119cie r\u0119ki! Je\u017celi posiadasz telefon kom\u00f3rkowy wspieraj\u0105cy technologi\u0119 AR (Augmented Reality \/ Rozszerzon\u0105 Rzeczywisto\u015b\u0107) mo\u017cesz te\u017c zobaczy\u0107 je cho\u0107by na pod\u0142odze swojego domu.<\/p>\n","protected":false},"author":1,"featured_media":0,"parent":0,"menu_order":0,"comment_status":"closed","ping_status":"closed","template":"","meta":[],"_links":{"self":[{"href":"https:\/\/kanaly44.pl\/index.php\/wp-json\/wp\/v2\/pages\/479"}],"collection":[{"href":"https:\/\/kanaly44.pl\/index.php\/wp-json\/wp\/v2\/pages"}],"about":[{"href":"https:\/\/kanaly44.pl\/index.php\/wp-json\/wp\/v2\/types\/page"}],"author":[{"embeddable":true,"href":"https:\/\/kanaly44.pl\/index.php\/wp-json\/wp\/v2\/users\/1"}],"replies":[{"embeddable":true,"href":"https:\/\/kanaly44.pl\/index.php\/wp-json\/wp\/v2\/comments?post=479"}],"version-history":[{"count":21,"href":"https:\/\/kanaly44.pl\/index.php\/wp-json\/wp\/v2\/pages\/479\/revisions"}],"predecessor-version":[{"id":519,"href":"https:\/\/kanaly44.pl\/index.php\/wp-json\/wp\/v2\/pages\/479\/revisions\/519"}],"wp:attachment":[{"href":"https:\/\/kanaly44.pl\/index.php\/wp-json\/wp\/v2\/media?parent=479"}],"curies":[{"name":"wp","href":"https:\/\/api.w.org\/{rel}","templated":true}]}}